*u - m*j + 184, 2*u - 178 = j. What are the prime factors of u?
2, 3, 5
What are the prime factors of (-91 + -1)*-43 + -8?
2, 3, 7, 47
Suppose -3*o = -o. Suppose -2*t = -2*a + 6, -15 = -5*a - 0*t + 2*t. Suppose a*u + y = 64, o*y + 5*y = 5. List the prime factors of u.
3, 7
Let n = 9 - -187. List the prime factors of n.
2, 7
Suppose -17098 + 3175 = -13*z. What are the prime factors of z?
3, 7, 17
Suppose 0 = z - 6*z + 135. Suppose 0 = 2*p - 3*p + 3. Suppose -p*r - z = -b, 4*b + 3*r = 26 + 22. List the prime factors of b.
3, 5
Suppose 5*h - 24*h = -11628. What are the prime factors of h?
2, 3, 17
Suppose -3*y + 1 = -g + 18, -y = 2. Let z = g + 172. List the prime factors of z.
3, 61
Let j(n) = 885*n + 10. Let m be j(1). Suppose -k = 4*k - m. List the prime factors of k.
179
Suppose 15 = -4*r + r, 2320 = 4*w - 4*r. What are the prime factors of w?
5, 23
Let j be 632/7 + 12/(-42). Suppose 4*i + 2*o - j = 0, -3*i = -5*i - 3*o + 51. What are the prime factors of i?
3, 7
Suppose 0 = -8*t - 3*t - 22. Suppose 2*j = -2*n - 0*j + 12, 5*n = -3*j + 26. What are the prime factors of (t/n)/((-3)/66)?
11
Suppose 3*z = -3*v + 3, 0*v = v - 3*z - 5. Suppose o - 2*o = 3*o. List the prime factors of 3 + o + v + -3.
2
Let a = 4693 - 2751. What are the prime factors of a?
2, 971
Suppose 359 = -7*w + 4223. List the prime factors of w.
2, 3, 23
Let f be 3/((-18)/(-34)) - (-2)/(-3). Suppose -f*d = -5*v + 255, -d = -2*v - 5*d + 90. List the prime factors of v.
7
Suppose -d + 0 = 15. List the prime factors of (-738)/d*25/10.
3, 41
Let f = 45 - 40. Suppose 3*a = -5*r + 1, 0*r - 3*r = a + f. List the prime factors of a.
7
Let h(b) = b**3 + 17*b**2 - 9*b + 19. Let a be h(-17). Suppose 3*r - 5*r = -a. What are the prime factors of r?
2, 43
Suppose -2*y = -6 - 0. Suppose 2*n - 72 = -3*z, n + y*n - 160 = -2*z. List the prime factors of n.
2, 3, 7
Let i(y) = -y**2 + 5*y - 3. Let k(s) = s + 2. Let d be k(0). Let a be i(d). Let j(z) = 2*z**2 - z - 4. List the prime factors of j(a).
11
Let g be 35/(-5)*(-2)/7. Suppose -5*s + 5 = -2*w, -s - g - 5 = -2*w. Suppose -65 + 5 = -w*c. List the prime factors of c.
2, 3
Let m(f) = 300*f - 3. Let t be m(1). List the prime factors of 21/42 - t/(-2).
149
Let d(w) = w**2 + w - 11. Let r be d(-6). Suppose -r = -j + 2*n + 11, -2*n = -4. List the prime factors of j.
2, 17
Let m(c) = -2*c**2 + 153*c - 407. What are the prime factors of m(67)?
2, 433
What are the prime factors of 3*((1 - -286 - 3) + -4)?
2, 3, 5, 7
Suppose 23*g + 1201 = 4145. List the prime factors of g.
2
Let k(j) = -j**2 + 4*j + 1. Let g be k(3). Suppose 427 = -4*o + c, g*o - 2*c + 439 = 3*c. What are the prime factors of 30/20 + o/(-4)?
2, 7
Let q(d) = -d**3 - d**2 + 7*d - 4. List the prime factors of q(-9).
7, 83
Suppose -k - 17 - 9 = 0. Let j = -14 - k. What are the prime factors of j/(-3) - -1 - -19?
2
Let a be (6/2)/(21/(-98)). Let l be 4/8 - a/4. List the prime factors of l/(2 - 12/8).
2
Let a(u) = -u**3 + 12*u**2 + 2*u + 23. Let s(t) = 2*t - 18. Let b be s(15). What are the prime factors of a(b)?
47
Let y(c) = -2*c - 3. Let w be y(-5). Let u(t) = -w*t - t**2 + 6*t + 8*t + 2. List the prime factors of u(5).
2, 3
Let x = 300 + -442. What are the prime factors of 4 - (x/2 - 3)?
2, 3, 13
Suppose 3*p - 3*t - 301 = -52, 259 = 3*p - t. List the prime factors of p.
2, 11
Suppose 1 = 2*k + 5. List the prime factors of k/17 + (-3321)/(-51).
5, 13
Suppose 0 = 5*g - 5. Let z(y) = 3*y**2 - 2*y + 1. Let v be z(g). Suppose w - 5 - 21 = 5*l, -v*w = 3*l - 91. What are the prime factors of w?
41
Suppose -27 = -10*c + 13. Suppose -3*l - 43 = -m, -c*m - 4*l + 314 - 62 = 0. List the prime factors of m.
2, 29
Let u(z) = -30*z**2 + z**3 + 0 - 2*z**3 + 2 + 28*z**2. Suppose -2*a = 2*v - 5 + 3, v - 2*a + 14 = 0. List the prime factors of u(v).
2, 17
Suppose -p - 5*z + 36 = 0, 3*z + 1 - 93 = -5*p. Suppose -p*c = -21*c + 195. List the prime factors of c.
3, 13
Let h(d) = -3*d + 9*d + 4*d + 2. Let t be h(6). Let r = t + -31. What are the prime factors of r?
31
Let l = 165 - 79. What are the prime factors of l?
2, 43
Suppose s = 2, -21 = -3*m - 5*s - 8. Let y(k) = 8*k - 2. What are the prime factors of y(m)?
2, 3
Let w = -5890 + 8261. List the prime factors of w.
2371
Let x be (0/(0 - -1))/(-1). Suppose 780*u - 783*u + 15 = 0. Suppose -4*c + u*w = -39, -w + 37 = 2*c - x*c. What are the prime factors of c?
2
Suppose -20 = -3*n - n. Suppose -82 = -m - n*b, -4*m - b + 78 = -3*m. What are the prime factors of m?
7, 11
Let h(v) = -3*v**3 + 16*v**2 - 4*v - 1. Let w be h(4). Let i be (-4)/(-10) + 16/10. Suppose 2*r + o = -19 + w, -5*r + 69 = i*o. List the prime factors of r.
13
Suppose -4*q = -18 + 6. Suppose -q*u + 0*u + 21 = 0. Suppose j - u = -0*j. What are the prime factors of j?
7
Suppose -2*b = 3*k - 4*k - 3, 0 = -5*k + 3*b + 20. List the prime factors of (-7)/(k/(-9))*7.
3, 7
Let l = 66 - -190. Suppose 3*b - l = -2*f, 4*b = -0*b + 3*f + 313. List the prime factors of b.
2, 41
Suppose 0 = -5*r - 14 - 6. What are the prime factors of -2 + (-20)/r - -98?
101
Suppose -2 = 2*z, 3*s + 29 - 94 = 5*z. Suppose -2*m = v - 4*m - 144, 5*m = s. List the prime factors of v.
2, 19
Let q(m) = -m**3 + 6*m**2 - 7*m + 5. Let o be q(4). Let x(r) = r**3 - 7*r**2 - 15*r - 11. List the prime factors of x(o).
2
What are the prime factors of 6596/20 + ((-8)/10)/(-4)?
2, 3, 5, 11
Suppose -14*x - 1206 = -15*x. What are the prime factors of x?
2, 3, 67
Let u(c) = -11*c + 41. Suppose 65 = 13*r - 18*r. What are the prime factors of u(r)?
2, 23
Suppose -5*b - 4117 = -6*b. List the prime factors of b.
23, 179
Let b(v) = -113*v**3 + 6*v - 4 + 5*v + 2*v - 16*v. What are the prime factors of b(-1)?
2, 7
Suppose 565 = -13*l + 2034. List the prime factors of l.
113
Let g = -22 - -37. Suppose -g = -8*c + 3*c. Suppose 6*j = c*j + 2*h + 133, 4*h = -4*j + 184. What are the prime factors of j?
3, 5
Let a(b) = 8*b. Suppose -3*d + d + 8 = 0. What are the prime factors of a(d)?
2
Let u be 109 + 2*(-4)/(-8). Let a = u - 78. What are the prime factors of 3 + a + 3 + -1?
37
Suppose -28*h + 15396 = -32400. What are the prime factors of h?
3, 569
Let j(g) be the third derivative of g**6/120 - g**5/20 - g**4/4 + 2*g**3/3 + 5*g**2. Let h be 9/6*10/3. What are the prime factors of j(h)?
2, 3
Suppose p = 5*p + 128. Let i = p + 45. List the prime factors of i.
13
Let c be -1*(2 - (0 + -1)). List the prime factors of 31 + 3/(c/(-4)).
5, 7
Let v = 1260 + 1314. What are the prime factors of v?
2, 3, 11, 13
What are the prime factors of ((-4)/6)/(48/(-2304))?
2
List the prime factors of -2 + ((-10)/(-15))/((-10)/(-2535)).
167
Let f(q) = q**3 + 12*q**2 + 4*q + 16. Let h be f(-11). Suppose -h - 2 = -w. Suppose 0 = 5*v - 3*l - 220, -3*v + 3*l = -w - 37. List the prime factors of v.
2, 11
Suppose 0 = -h + 615 + 173. What are the prime factors of h?
2, 197
What are the prime factors of -17 + 22 - (-941 + 0)?
2, 11, 43
Suppose 0 = -175*h + 183*h - 8784. List the prime factors of h.
2, 3, 61
Let c be 4/14 - 75/(-105). List the prime factors of (880/(c + 3))/1.
2, 5, 11
Let w be (5/1)/(-1)*56/(-40). Suppose w*x - 1422 = -2*x. What are the prime factors of x?
2, 79
Let s be (-4)/6 + 0 + 15/9. List the prime factors of (28 - -1) + ((-2)/s - 0).
3
Let y(d) = -87*d + 389. List the prime factors of y(-18).
5, 17, 23
Suppose -20*w + 585 = 3*f - 18*w, -3*f + w + 576 = 0. List the prime factors of f.
193
Let g(v) = -2*v - 4. Let o be g(-3). Suppose z - 9 = -o*z. List the prime factors of z/(-9)*(-23 - 4).
3
Suppose -x = -5*y + x + 16, -y - 5*x - 13 = 0. Let b(w) = 24*w - 8. List the prime factors of b(y).
2, 5
Let w = 1099 + -754. What are the prime factors of w?
3, 5, 23
Suppose -138 = i - 228. What are the prime factors of i?
2, 3, 5
What are the prime factors of (-18)/(-225) + 79240/125?
2, 317
Let p(h) = -h**2 - 2*h + 13. Let t(c) be the first derivative of -c**3 + 5*c**2 - 3*c - 14. Let g be t(3). List the prime factors of p(g).
13
Let s = -3 + 8. Suppose 4*u - 204 - 464 = -5*p, p + 2*u - 130 = 0. Suppose -s*x = 31 - p. List the prime factors of x.
3, 7
Let d = -442 - -629. List the prime factors of d.
11, 17
Let l = -29 + 31. Suppose 6 = -l*j + 5*j. Let r = 40 - j. List the prime factors of r.
2, 19
Let m(c) = -383*c - 6. Let z be m(-3). Suppose 9*k = -0*k + z. What